{"id":930,"date":"2023-03-01T15:09:56","date_gmt":"2023-03-01T15:09:56","guid":{"rendered":"https:\/\/host-105329.webhosting.magentabusiness.at\/wordpress_N\/?page_id=930"},"modified":"2023-03-14T18:00:59","modified_gmt":"2023-03-14T18:00:59","slug":"akupunkt-erklaerung","status":"publish","type":"page","link":"https:\/\/heilmassage-maja.at\/index.php\/akupunkt-erklaerung\/","title":{"rendered":"Akupunkt Erkl\u00e4rung"},"content":{"rendered":"\t\t<div data-elementor-type=\"wp-page\" data-elementor-id=\"930\" class=\"elementor elementor-930\">\n\t\t\t\t\t\t\t\t\t<section class=\"elementor-section elementor-top-section elementor-element elementor-element-e6659c1 elementor-section-boxed elementor-section-height-default elementor-section-height-default\" data-id=\"e6659c1\" data-element_type=\"section\">\n\t\t\t\t\t\t<div class=\"elementor-container elementor-column-gap-default\">\n\t\t\t\t\t<div class=\"elementor-column elementor-col-100 elementor-top-column elementor-element elementor-element-2d7b3df\" data-id=\"2d7b3df\" data-element_type=\"column\">\n\t\t\t<div class=\"elementor-widget-wrap elementor-element-populated\">\n\t\t\t\t\t\t\t\t<div class=\"elementor-element elementor-element-6d3a150 elementor-widget elementor-widget-image\" data-id=\"6d3a150\" data-element_type=\"widget\" data-widget_type=\"image.default\">\n\t\t\t\t<div class=\"elementor-widget-container\">\n\t\t\t<style>\/*! elementor - v3.11.5 - 14-03-2023 *\/\n.elementor-widget-image{text-align:center}.elementor-widget-image a{display:inline-block}.elementor-widget-image a img[src$=\".svg\"]{width:48px}.elementor-widget-image img{vertical-align:middle;display:inline-block}<\/style>\t\t\t\t\t\t\t\t\t\t\t\t<img loading=\"lazy\" decoding=\"async\" width=\"1024\" height=\"683\" src=\"https:\/\/heilmassage-maja.at\/wp-content\/uploads\/2023\/03\/MajaStrobl-Akupunkt-1024x683.jpg\" class=\"attachment-large size-large wp-image-932\" alt=\"Akupunktmassage\" srcset=\"https:\/\/heilmassage-maja.at\/wp-content\/uploads\/2023\/03\/MajaStrobl-Akupunkt-1024x683.jpg 1024w, https:\/\/heilmassage-maja.at\/wp-content\/uploads\/2023\/03\/MajaStrobl-Akupunkt-300x200.jpg 300w, https:\/\/heilmassage-maja.at\/wp-content\/uploads\/2023\/03\/MajaStrobl-Akupunkt-768x512.jpg 768w, https:\/\/heilmassage-maja.at\/wp-content\/uploads\/2023\/03\/MajaStrobl-Akupunkt-1536x1024.jpg 1536w, https:\/\/heilmassage-maja.at\/wp-content\/uploads\/2023\/03\/MajaStrobl-Akupunkt-2048x1365.jpg 2048w\" sizes=\"auto, (max-width: 1024px) 100vw, 1024px\" \/>\t\t\t\t\t\t\t\t\t\t\t\t\t\t\t<\/div>\n\t\t\t\t<\/div>\n\t\t\t\t\t<\/div>\n\t\t<\/div>\n\t\t\t\t\t\t\t<\/div>\n\t\t<\/section>\n\t\t\t\t<section class=\"elementor-section elementor-top-section elementor-element elementor-element-8a10475 elementor-section-boxed elementor-section-height-default elementor-section-height-default\" data-id=\"8a10475\" data-element_type=\"section\">\n\t\t\t\t\t\t<div class=\"elementor-container elementor-column-gap-default\">\n\t\t\t\t\t<div class=\"elementor-column elementor-col-100 elementor-top-column elementor-element elementor-element-787af34\" data-id=\"787af34\" data-element_type=\"column\">\n\t\t\t<div class=\"elementor-widget-wrap elementor-element-populated\">\n\t\t\t\t\t\t\t\t<div class=\"elementor-element elementor-element-5969486 elementor-widget elementor-widget-spacer\" data-id=\"5969486\" data-element_type=\"widget\" data-widget_type=\"spacer.default\">\n\t\t\t\t<div class=\"elementor-widget-container\">\n\t\t\t<style>\/*! elementor - v3.11.5 - 14-03-2023 *\/\n.elementor-column .elementor-spacer-inner{height:var(--spacer-size)}.e-con{--container-widget-width:100%}.e-con-inner>.elementor-widget-spacer,.e-con>.elementor-widget-spacer{width:var(--container-widget-width,var(--spacer-size));--align-self:var(--container-widget-align-self,initial);--flex-shrink:0}.e-con-inner>.elementor-widget-spacer>.elementor-widget-container,.e-con-inner>.elementor-widget-spacer>.elementor-widget-container>.elementor-spacer,.e-con>.elementor-widget-spacer>.elementor-widget-container,.e-con>.elementor-widget-spacer>.elementor-widget-container>.elementor-spacer{height:100%}.e-con-inner>.elementor-widget-spacer>.elementor-widget-container>.elementor-spacer>.elementor-spacer-inner,.e-con>.elementor-widget-spacer>.elementor-widget-container>.elementor-spacer>.elementor-spacer-inner{height:var(--container-widget-height,var(--spacer-size))}<\/style>\t\t<div class=\"elementor-spacer\">\n\t\t\t<div class=\"elementor-spacer-inner\"><\/div>\n\t\t<\/div>\n\t\t\t\t<\/div>\n\t\t\t\t<\/div>\n\t\t\t\t\t<\/div>\n\t\t<\/div>\n\t\t\t\t\t\t\t<\/div>\n\t\t<\/section>\n\t\t\t\t<section class=\"elementor-section elementor-top-section elementor-element elementor-element-4141b00 elementor-section-boxed elementor-section-height-default elementor-section-height-default\" data-id=\"4141b00\" data-element_type=\"section\">\n\t\t\t\t\t\t<div class=\"elementor-container elementor-column-gap-default\">\n\t\t\t\t\t<div class=\"elementor-column elementor-col-100 elementor-top-column elementor-element elementor-element-7e219e2\" data-id=\"7e219e2\" data-element_type=\"column\">\n\t\t\t<div class=\"elementor-widget-wrap elementor-element-populated\">\n\t\t\t\t\t\t\t\t<div class=\"elementor-element elementor-element-74eb1c0 elementor-widget elementor-widget-heading\" data-id=\"74eb1c0\" data-element_type=\"widget\" data-widget_type=\"heading.default\">\n\t\t\t\t<div class=\"elementor-widget-container\">\n\t\t\t<style>\/*! elementor - v3.11.5 - 14-03-2023 *\/\n.elementor-heading-title{padding:0;margin:0;line-height:1}.elementor-widget-heading .elementor-heading-title[class*=elementor-size-]>a{color:inherit;font-size:inherit;line-height:inherit}.elementor-widget-heading .elementor-heading-title.elementor-size-small{font-size:15px}.elementor-widget-heading .elementor-heading-title.elementor-size-medium{font-size:19px}.elementor-widget-heading .elementor-heading-title.elementor-size-large{font-size:29px}.elementor-widget-heading .elementor-heading-title.elementor-size-xl{font-size:39px}.elementor-widget-heading .elementor-heading-title.elementor-size-xxl{font-size:59px}<\/style><h2 class=\"elementor-heading-title elementor-size-default\">Akupunktmassage<\/h2>\t\t<\/div>\n\t\t\t\t<\/div>\n\t\t\t\t<div class=\"elementor-element elementor-element-78fda1c elementor-widget elementor-widget-text-editor\" data-id=\"78fda1c\" data-element_type=\"widget\" data-widget_type=\"text-editor.default\">\n\t\t\t\t<div class=\"elementor-widget-container\">\n\t\t\t<style>\/*! elementor - v3.11.5 - 14-03-2023 *\/\n.elementor-widget-text-editor.elementor-drop-cap-view-stacked .elementor-drop-cap{background-color:#818a91;color:#fff}.elementor-widget-text-editor.elementor-drop-cap-view-framed .elementor-drop-cap{color:#818a91;border:3px solid;background-color:transparent}.elementor-widget-text-editor:not(.elementor-drop-cap-view-default) .elementor-drop-cap{margin-top:8px}.elementor-widget-text-editor:not(.elementor-drop-cap-view-default) .elementor-drop-cap-letter{width:1em;height:1em}.elementor-widget-text-editor .elementor-drop-cap{float:left;text-align:center;line-height:1;font-size:50px}.elementor-widget-text-editor .elementor-drop-cap-letter{display:inline-block}<\/style>\t\t\t\t<p>Akupunktmassage kurz APM, ist eine der \u00e4ltesten europ\u00e4ischen Meridiantherapien mit Wurzeln in traditionellen, chinesischen Medizin.<br \/><span style=\"font-size: 14px; color: var( --e-global-color-text );\">Bei der APM nutzt der Therapeut ein Metallst\u00e4bchen, mit welchem er an den, aus der Akupunktur bekannten, Meridianen entlang streicht.<br \/><\/span><span style=\"color: var( --e-global-color-text ); font-size: 14px;\">So werden Energieblockaden gel\u00f6st, der nat\u00fcrliche Energiefluss im menschlichen K\u00f6rper wird ausgeglichen und Krankheiten der N\u00e4hrboden entzogen.<\/span><\/p><p>\u00a0<\/p><p><strong>Indikationen:<\/strong><\/p><ul><li>schmerzhafte WS- und Gelenkserkrankungen<\/li><li>St\u00e4rkung des Immunsystems<\/li><li>Kopfschmerzen oder Migr\u00e4ne<\/li><li>Erkrankungen des Verdauungstraktes<\/li><li>Allergien<\/li><li>Neuralgien oder Rheuma<\/li><\/ul>\t\t\t\t\t\t<\/div>\n\t\t\t\t<\/div>\n\t\t\t\t\t<\/div>\n\t\t<\/div>\n\t\t\t\t\t\t\t<\/div>\n\t\t<\/section>\n\t\t\t\t<section class=\"elementor-section elementor-top-section elementor-element elementor-element-19c9156 elementor-section-boxed elementor-section-height-default elementor-section-height-default\" data-id=\"19c9156\" data-element_type=\"section\">\n\t\t\t\t\t\t<div class=\"elementor-container elementor-column-gap-default\">\n\t\t\t\t\t<div class=\"elementor-column elementor-col-100 elementor-top-column elementor-element elementor-element-0a23ce6\" data-id=\"0a23ce6\" data-element_type=\"column\">\n\t\t\t<div class=\"elementor-widget-wrap elementor-element-populated\">\n\t\t\t\t\t\t\t\t<div class=\"elementor-element elementor-element-68feee3 elementor-align-center elementor-widget elementor-widget-button\" data-id=\"68feee3\" data-element_type=\"widget\" data-widget_type=\"button.default\">\n\t\t\t\t<div class=\"elementor-widget-container\">\n\t\t\t\t\t<div class=\"elementor-button-wrapper\">\n\t\t\t<a href=\"https:\/\/heilmassage-maja.at\/\" class=\"elementor-button-link elementor-button elementor-size-sm\" role=\"button\">\n\t\t\t\t\t\t<span class=\"elementor-button-content-wrapper\">\n\t\t\t\t\t\t<span class=\"elementor-button-text\">Zur\u00fcck zur Startseite<\/span>\n\t\t<\/span>\n\t\t\t\t\t<\/a>\n\t\t<\/div>\n\t\t\t\t<\/div>\n\t\t\t\t<\/div>\n\t\t\t\t\t<\/div>\n\t\t<\/div>\n\t\t\t\t\t\t\t<\/div>\n\t\t<\/section>\n\t\t\t\t<section class=\"elementor-section elementor-top-section elementor-element elementor-element-3342be0 elementor-section-boxed elementor-section-height-default elementor-section-height-default\" data-id=\"3342be0\" data-element_type=\"section\">\n\t\t\t\t\t\t<div class=\"elementor-container elementor-column-gap-default\">\n\t\t\t\t\t<div class=\"elementor-column elementor-col-100 elementor-top-column elementor-element elementor-element-be1767e\" data-id=\"be1767e\" data-element_type=\"column\">\n\t\t\t<div class=\"elementor-widget-wrap elementor-element-populated\">\n\t\t\t\t\t\t\t\t<div class=\"elementor-element elementor-element-47752eb elementor-widget elementor-widget-spacer\" data-id=\"47752eb\" data-element_type=\"widget\" data-widget_type=\"spacer.default\">\n\t\t\t\t<div class=\"elementor-widget-container\">\n\t\t\t\t\t<div class=\"elementor-spacer\">\n\t\t\t<div class=\"elementor-spacer-inner\"><\/div>\n\t\t<\/div>\n\t\t\t\t<\/div>\n\t\t\t\t<\/div>\n\t\t\t\t\t<\/div>\n\t\t<\/div>\n\t\t\t\t\t\t\t<\/div>\n\t\t<\/section>\n\t\t\t\t\t\t\t<\/div>\n\t\t","protected":false},"excerpt":{"rendered":"<p>Akupunktmassage Akupunktmassage kurz APM, ist eine der \u00e4ltesten europ\u00e4ischen Meridiantherapien mit Wurzeln in traditionellen, chinesischen Medizin.Bei der APM nutzt der Therapeut ein Metallst\u00e4bchen, mit welchem er an den, aus der Akupunktur bekannten, Meridianen entlang streicht.So werden Energieblockaden gel\u00f6st, der nat\u00fcrliche Energiefluss im menschlichen K\u00f6rper wird ausgeglichen und Krankheiten der N\u00e4hrboden entzogen. \u00a0 Indikationen: schmerzhafte WS- [&hellip;]<\/p>\n","protected":false},"author":1,"featured_media":0,"parent":0,"menu_order":0,"comment_status":"closed","ping_status":"closed","template":"","meta":{"footnotes":""},"class_list":["post-930","page","type-page","status-publish","hentry","entry"],"yoast_head":"<!-- This site is optimized with the Yoast SEO plugin v20.3 - https:\/\/yoast.com\/wordpress\/plugins\/seo\/ -->\n<title>Akupunkt Erkl\u00e4rung - Majas Heilmassage<\/title>\n<meta name=\"robots\" content=\"index, follow, max-snippet:-1, max-image-preview:large, max-video-preview:-1\" \/>\n<link rel=\"canonical\" href=\"https:\/\/heilmassage-maja.at\/index.php\/akupunkt-erklaerung\/\" \/>\n<meta property=\"og:locale\" content=\"de_DE\" \/>\n<meta property=\"og:type\" content=\"article\" \/>\n<meta property=\"og:title\" content=\"Akupunkt Erkl\u00e4rung - Majas Heilmassage\" \/>\n<meta property=\"og:description\" content=\"Akupunktmassage Akupunktmassage kurz APM, ist eine der \u00e4ltesten europ\u00e4ischen Meridiantherapien mit Wurzeln in traditionellen, chinesischen Medizin.Bei der APM nutzt der Therapeut ein Metallst\u00e4bchen, mit welchem er an den, aus der Akupunktur bekannten, Meridianen entlang streicht.So werden Energieblockaden gel\u00f6st, der nat\u00fcrliche Energiefluss im menschlichen K\u00f6rper wird ausgeglichen und Krankheiten der N\u00e4hrboden entzogen. \u00a0 Indikationen: schmerzhafte WS- [&hellip;]\" \/>\n<meta property=\"og:url\" content=\"https:\/\/heilmassage-maja.at\/index.php\/akupunkt-erklaerung\/\" \/>\n<meta property=\"og:site_name\" content=\"Majas Heilmassage\" \/>\n<meta property=\"article:modified_time\" content=\"2023-03-14T18:00:59+00:00\" \/>\n<meta property=\"og:image\" content=\"https:\/\/heilmassage-maja.at\/wp-content\/uploads\/2023\/03\/MajaStrobl-Akupunkt-1024x683.jpg\" \/>\n<meta name=\"twitter:card\" content=\"summary_large_image\" \/>\n<meta name=\"twitter:label1\" content=\"Gesch\u00e4tzte Lesezeit\" \/>\n\t<meta name=\"twitter:data1\" content=\"1 Minute\" \/>\n<script type=\"application\/ld+json\" class=\"yoast-schema-graph\">{\"@context\":\"https:\/\/schema.org\",\"@graph\":[{\"@type\":\"WebPage\",\"@id\":\"https:\/\/heilmassage-maja.at\/index.php\/akupunkt-erklaerung\/\",\"url\":\"https:\/\/heilmassage-maja.at\/index.php\/akupunkt-erklaerung\/\",\"name\":\"Akupunkt Erkl\u00e4rung - Majas Heilmassage\",\"isPartOf\":{\"@id\":\"https:\/\/heilmassage-maja.at\/#website\"},\"datePublished\":\"2023-03-01T15:09:56+00:00\",\"dateModified\":\"2023-03-14T18:00:59+00:00\",\"breadcrumb\":{\"@id\":\"https:\/\/heilmassage-maja.at\/index.php\/akupunkt-erklaerung\/#breadcrumb\"},\"inLanguage\":\"de-AT\",\"potentialAction\":[{\"@type\":\"ReadAction\",\"target\":[\"https:\/\/heilmassage-maja.at\/index.php\/akupunkt-erklaerung\/\"]}]},{\"@type\":\"BreadcrumbList\",\"@id\":\"https:\/\/heilmassage-maja.at\/index.php\/akupunkt-erklaerung\/#breadcrumb\",\"itemListElement\":[{\"@type\":\"ListItem\",\"position\":1,\"name\":\"Startseite\",\"item\":\"https:\/\/heilmassage-maja.at\/\"},{\"@type\":\"ListItem\",\"position\":2,\"name\":\"Akupunkt Erkl\u00e4rung\"}]},{\"@type\":\"WebSite\",\"@id\":\"https:\/\/heilmassage-maja.at\/#website\",\"url\":\"https:\/\/heilmassage-maja.at\/\",\"name\":\"Majas Heilmassage\",\"description\":\"\",\"publisher\":{\"@id\":\"https:\/\/heilmassage-maja.at\/#organization\"},\"potentialAction\":[{\"@type\":\"SearchAction\",\"target\":{\"@type\":\"EntryPoint\",\"urlTemplate\":\"https:\/\/heilmassage-maja.at\/?s={search_term_string}\"},\"query-input\":\"required name=search_term_string\"}],\"inLanguage\":\"de-AT\"},{\"@type\":\"Organization\",\"@id\":\"https:\/\/heilmassage-maja.at\/#organization\",\"name\":\"Majas Heilmassage\",\"url\":\"https:\/\/heilmassage-maja.at\/\",\"logo\":{\"@type\":\"ImageObject\",\"inLanguage\":\"de-AT\",\"@id\":\"https:\/\/heilmassage-maja.at\/#\/schema\/logo\/image\/\",\"url\":\"https:\/\/heilmassage-maja.at\/wp-content\/uploads\/2022\/12\/Logo_MAJA_quer_cmyk.jpg\",\"contentUrl\":\"https:\/\/heilmassage-maja.at\/wp-content\/uploads\/2022\/12\/Logo_MAJA_quer_cmyk.jpg\",\"width\":2362,\"height\":827,\"caption\":\"Majas Heilmassage\"},\"image\":{\"@id\":\"https:\/\/heilmassage-maja.at\/#\/schema\/logo\/image\/\"}}]}<\/script>\n<!-- \/ Yoast SEO plugin. -->","yoast_head_json":{"title":"Akupunkt Erkl\u00e4rung - Majas Heilmassage","robots":{"index":"index","follow":"follow","max-snippet":"max-snippet:-1","max-image-preview":"max-image-preview:large","max-video-preview":"max-video-preview:-1"},"canonical":"https:\/\/heilmassage-maja.at\/index.php\/akupunkt-erklaerung\/","og_locale":"de_DE","og_type":"article","og_title":"Akupunkt Erkl\u00e4rung - Majas Heilmassage","og_description":"Akupunktmassage Akupunktmassage kurz APM, ist eine der \u00e4ltesten europ\u00e4ischen Meridiantherapien mit Wurzeln in traditionellen, chinesischen Medizin.Bei der APM nutzt der Therapeut ein Metallst\u00e4bchen, mit welchem er an den, aus der Akupunktur bekannten, Meridianen entlang streicht.So werden Energieblockaden gel\u00f6st, der nat\u00fcrliche Energiefluss im menschlichen K\u00f6rper wird ausgeglichen und Krankheiten der N\u00e4hrboden entzogen. \u00a0 Indikationen: schmerzhafte WS- [&hellip;]","og_url":"https:\/\/heilmassage-maja.at\/index.php\/akupunkt-erklaerung\/","og_site_name":"Majas Heilmassage","article_modified_time":"2023-03-14T18:00:59+00:00","og_image":[{"url":"https:\/\/heilmassage-maja.at\/wp-content\/uploads\/2023\/03\/MajaStrobl-Akupunkt-1024x683.jpg"}],"twitter_card":"summary_large_image","twitter_misc":{"Gesch\u00e4tzte Lesezeit":"1 Minute"},"schema":{"@context":"https:\/\/schema.org","@graph":[{"@type":"WebPage","@id":"https:\/\/heilmassage-maja.at\/index.php\/akupunkt-erklaerung\/","url":"https:\/\/heilmassage-maja.at\/index.php\/akupunkt-erklaerung\/","name":"Akupunkt Erkl\u00e4rung - Majas Heilmassage","isPartOf":{"@id":"https:\/\/heilmassage-maja.at\/#website"},"datePublished":"2023-03-01T15:09:56+00:00","dateModified":"2023-03-14T18:00:59+00:00","breadcrumb":{"@id":"https:\/\/heilmassage-maja.at\/index.php\/akupunkt-erklaerung\/#breadcrumb"},"inLanguage":"de-AT","potentialAction":[{"@type":"ReadAction","target":["https:\/\/heilmassage-maja.at\/index.php\/akupunkt-erklaerung\/"]}]},{"@type":"BreadcrumbList","@id":"https:\/\/heilmassage-maja.at\/index.php\/akupunkt-erklaerung\/#breadcrumb","itemListElement":[{"@type":"ListItem","position":1,"name":"Startseite","item":"https:\/\/heilmassage-maja.at\/"},{"@type":"ListItem","position":2,"name":"Akupunkt Erkl\u00e4rung"}]},{"@type":"WebSite","@id":"https:\/\/heilmassage-maja.at\/#website","url":"https:\/\/heilmassage-maja.at\/","name":"Majas Heilmassage","description":"","publisher":{"@id":"https:\/\/heilmassage-maja.at\/#organization"},"potentialAction":[{"@type":"SearchAction","target":{"@type":"EntryPoint","urlTemplate":"https:\/\/heilmassage-maja.at\/?s={search_term_string}"},"query-input":"required name=search_term_string"}],"inLanguage":"de-AT"},{"@type":"Organization","@id":"https:\/\/heilmassage-maja.at\/#organization","name":"Majas Heilmassage","url":"https:\/\/heilmassage-maja.at\/","logo":{"@type":"ImageObject","inLanguage":"de-AT","@id":"https:\/\/heilmassage-maja.at\/#\/schema\/logo\/image\/","url":"https:\/\/heilmassage-maja.at\/wp-content\/uploads\/2022\/12\/Logo_MAJA_quer_cmyk.jpg","contentUrl":"https:\/\/heilmassage-maja.at\/wp-content\/uploads\/2022\/12\/Logo_MAJA_quer_cmyk.jpg","width":2362,"height":827,"caption":"Majas Heilmassage"},"image":{"@id":"https:\/\/heilmassage-maja.at\/#\/schema\/logo\/image\/"}}]}},"_links":{"self":[{"href":"https:\/\/heilmassage-maja.at\/index.php\/wp-json\/wp\/v2\/pages\/930","targetHints":{"allow":["GET"]}}],"collection":[{"href":"https:\/\/heilmassage-maja.at\/index.php\/wp-json\/wp\/v2\/pages"}],"about":[{"href":"https:\/\/heilmassage-maja.at\/index.php\/wp-json\/wp\/v2\/types\/page"}],"author":[{"embeddable":true,"href":"https:\/\/heilmassage-maja.at\/index.php\/wp-json\/wp\/v2\/users\/1"}],"replies":[{"embeddable":true,"href":"https:\/\/heilmassage-maja.at\/index.php\/wp-json\/wp\/v2\/comments?post=930"}],"version-history":[{"count":17,"href":"https:\/\/heilmassage-maja.at\/index.php\/wp-json\/wp\/v2\/pages\/930\/revisions"}],"predecessor-version":[{"id":1128,"href":"https:\/\/heilmassage-maja.at\/index.php\/wp-json\/wp\/v2\/pages\/930\/revisions\/1128"}],"wp:attachment":[{"href":"https:\/\/heilmassage-maja.at\/index.php\/wp-json\/wp\/v2\/media?parent=930"}],"curies":[{"name":"wp","href":"https:\/\/api.w.org\/{rel}","templated":true}]}}